{"id":2,"date":"2010-01-26T22:00:15","date_gmt":"2010-01-26T22:00:15","guid":{"rendered":"http:\/\/81.91.82.36\/sdhwordpress\/?page_id=2"},"modified":"2018-05-16T13:41:53","modified_gmt":"2018-05-16T11:41:53","slug":"about","status":"publish","type":"page","link":"https:\/\/www.sdhnovedvory.cz\/?page_id=2","title":{"rendered":"O n\u00e1s"},"content":{"rendered":"<div>\n<p><strong>SDH Nov\u00e9 Dvory<\/strong> bylo p\u016fvodn\u011b zalo\u017eeno<strong> 28. \u010dervna 1908<\/strong> jako <em>\u201eSbor dobrovoln\u00fdch hasi\u010d\u016f\u201c v Miskov\u011b<\/em>. Sbor zakl\u00e1dalo 6 \u010dlen\u016f.<br \/>\nPo dokon\u010den\u00ed stavby <strong>Domu hasi\u010d\u016f<\/strong> v Nov\u00fdch Dvorech roku 1988 byl sbor p\u0159eveden z Miskova do Nov\u00fdch Dvor\u016f. V roce 2008, kdy jsme oslavili 100. v\u00fdro\u010d\u00ed od zalo\u017een\u00ed sboru, m\u011bl sbor 27 \u010dlen\u016f. Tento po\u010detn\u00ed stav trv\u00e1 s drobn\u00fdmi \u010dlensk\u00fdmi obm\u011bnami a\u017e do sou\u010dasn\u00e9 doby. V\u00edce o historii sboru se do\u010dtete v bro\u017eu\u0159e, vydan\u00e9 pr\u00e1v\u011b ke 100. v\u00fdro\u010d\u00ed zalo\u017een\u00ed sboru\u00a0\u00bb<a title=\"Bro\u017eura ke 100. v\u00fdro\u010d\u00ed zalo\u017een\u00ed sboru ve form\u00e1tu PDF\" href=\"http:\/\/www.sdhnovedvory.cz\/wp-content\/uploads\/100_let_SDH.pdf\" target=\"_blank\" rel=\"noopener\">zde<\/a>.<\/p>\n<p>Fotografie \u010dlensk\u00e9 z\u00e1kladny z roku 2008 \u0159ekne v\u00edce, ne\u017e mnoho slov:<\/p>\n<p><a href=\"http:\/\/www.sdhnovedvory.cz\/?attachment_id=111\" rel=\"attachment wp-att-111\"><img decoding=\"async\" loading=\"lazy\" class=\"aligncenter size-medium wp-image-111\" title=\"SDH Nov\u00e9 Dvory 2008\" src=\"http:\/\/83.167.252.166\/sdhwordpress\/wp-content\/uploads\/hasici-640x480.jpg\" alt=\"\" width=\"640\" height=\"480\" srcset=\"https:\/\/www.sdhnovedvory.cz\/wp-content\/uploads\/hasici-640x480.jpg 640w, https:\/\/www.sdhnovedvory.cz\/wp-content\/uploads\/hasici-320x240.jpg 320w, https:\/\/www.sdhnovedvory.cz\/wp-content\/uploads\/hasici.jpg 1024w\" sizes=\"(max-width: 640px) 100vw, 640px\" \/><\/a><\/p>\n<\/div>\n","protected":false},"excerpt":{"rendered":"<p>SDH Nov\u00e9 Dvory bylo p\u016fvodn\u011b zalo\u017eeno 28. \u010dervna 1908 jako \u201eSbor dobrovoln\u00fdch hasi\u010d\u016f\u201c v Miskov\u011b. Sbor zakl\u00e1dalo 6 \u010dlen\u016f. Po dokon\u010den\u00ed stavby Domu hasi\u010d\u016f v Nov\u00fdch Dvorech roku 1988 byl sbor p\u0159eveden z Miskova do Nov\u00fdch Dvor\u016f. V roce 2008, kdy jsme oslavili 100. v\u00fdro\u010d\u00ed od zalo\u017een\u00ed sboru, m\u011bl sbor 27 \u010dlen\u016f. Tento po\u010detn\u00ed stav [&hellip;]<\/p>\n","protected":false},"author":1,"featured_media":0,"parent":0,"menu_order":1,"comment_status":"open","ping_status":"open","template":"","meta":{"footnotes":""},"_links":{"self":[{"href":"https:\/\/www.sdhnovedvory.cz\/index.php?rest_route=\/wp\/v2\/pages\/2"}],"collection":[{"href":"https:\/\/www.sdhnovedvory.cz\/index.php?rest_route=\/wp\/v2\/pages"}],"about":[{"href":"https:\/\/www.sdhnovedvory.cz\/index.php?rest_route=\/wp\/v2\/types\/page"}],"author":[{"embeddable":true,"href":"https:\/\/www.sdhnovedvory.cz\/index.php?rest_route=\/wp\/v2\/users\/1"}],"replies":[{"embeddable":true,"href":"https:\/\/www.sdhnovedvory.cz\/index.php?rest_route=%2Fwp%2Fv2%2Fcomments&post=2"}],"version-history":[{"count":12,"href":"https:\/\/www.sdhnovedvory.cz\/index.php?rest_route=\/wp\/v2\/pages\/2\/revisions"}],"predecessor-version":[{"id":1239,"href":"https:\/\/www.sdhnovedvory.cz\/index.php?rest_route=\/wp\/v2\/pages\/2\/revisions\/1239"}],"wp:attachment":[{"href":"https:\/\/www.sdhnovedvory.cz\/index.php?rest_route=%2Fwp%2Fv2%2Fmedia&parent=2"}],"curies":[{"name":"wp","href":"https:\/\/api.w.org\/{rel}","templated":true}]}}